{"id":13,"date":"2013-01-29T22:54:33","date_gmt":"2013-01-29T20:54:33","guid":{"rendered":"http:\/\/merjasundman.fi\/?page_id=13"},"modified":"2025-11-17T15:42:20","modified_gmt":"2025-11-17T13:42:20","slug":"yhteystiedot","status":"publish","type":"page","link":"https:\/\/merjasundman.fi\/?page_id=13","title":{"rendered":"Yhteystiedot"},"content":{"rendered":"<p>S\u00e4hk\u00f6posti:\u00a0<a href=\"mailto:merja.sundman@gmail.com\">merja.sundman@gmail.com<\/a><\/p>\n<p>Puh:\u00a0040-7367217<\/p>\n<p>Vastaanotto<br \/>\nAsematie 10, 01300 Vantaa<\/p>\n    \n<script type=\"text\/javascript\">     \n function cp_easyform_pform_doValidate_1(form)\n {\n    form.cp_ref_page.value = document.location;\n        {\n        document.getElementById(\"form_structure_1\").value = '';  \n        return true;\n    }\n }\n function cp_easyform_cerror(id){$dexQuery = jQuery.noConflict();$dexQuery(\"#hdcaptchaefb_error\"+id).css('top',$dexQuery(\"#hdcaptchaefb\"+id).outerHeight());$dexQuery(\"#hdcaptchaefb_error\"+id).css(\"display\",\"inline\");}\n<\/script>\n<form class=\"cpp_form\" name=\"cp_easyform_pform_1\" id=\"cp_easyform_pform_1\" action=\"\" method=\"post\" enctype=\"multipart\/form-data\" onsubmit=\"return cp_easyform_pform_doValidate_1(this);\"><input type=\"hidden\" name=\"cp_pform_psequence\" value=\"_1\" \/><input type=\"hidden\" name=\"cp_easyform_pform_process\" value=\"1\" \/><input type=\"hidden\" name=\"cp_easyform_id\" value=\"1\" \/><input type=\"hidden\" name=\"cp_ref_page\" value=\"\" \/><input type=\"hidden\" name=\"form_structure_1\" id=\"form_structure_1\" size=\"180\" value=\"[[{&quot;name&quot;:&quot;fieldname4&quot;,&quot;index&quot;:0,&quot;title&quot;:&quot;Nimi:&quot;,&quot;required&quot;:true,&quot;ftype&quot;:&quot;ftext&quot;,&quot;userhelp&quot;:&quot;&quot;,&quot;csslayout&quot;:&quot;&quot;,&quot;predefined&quot;:&quot;&quot;,&quot;size&quot;:&quot;medium&quot;,&quot;shortlabel&quot;:&quot;&quot;,&quot;userhelpTooltip&quot;:false,&quot;predefinedClick&quot;:false,&quot;minlength&quot;:&quot;&quot;,&quot;maxlength&quot;:&quot;&quot;,&quot;equalTo&quot;:&quot;&quot;},{&quot;name&quot;:&quot;email&quot;,&quot;index&quot;:1,&quot;title&quot;:&quot;Email&quot;,&quot;ftype&quot;:&quot;femail&quot;,&quot;userhelp&quot;:&quot;&quot;,&quot;csslayout&quot;:&quot;&quot;,&quot;required&quot;:true,&quot;predefined&quot;:&quot;&quot;,&quot;size&quot;:&quot;medium&quot;,&quot;shortlabel&quot;:&quot;&quot;,&quot;userhelpTooltip&quot;:false,&quot;predefinedClick&quot;:false,&quot;equalTo&quot;:&quot;&quot;},{&quot;name&quot;:&quot;fieldname1&quot;,&quot;index&quot;:2,&quot;title&quot;:&quot;Puhelin&quot;,&quot;ftype&quot;:&quot;fnumber&quot;,&quot;userhelp&quot;:&quot;&quot;,&quot;csslayout&quot;:&quot;&quot;,&quot;required&quot;:false,&quot;predefined&quot;:&quot;&quot;,&quot;size&quot;:&quot;small&quot;,&quot;min&quot;:&quot;&quot;,&quot;max&quot;:&quot;&quot;,&quot;dformat&quot;:&quot;digits&quot;,&quot;formats&quot;:[&quot;digits&quot;,&quot;number&quot;],&quot;shortlabel&quot;:&quot;&quot;,&quot;userhelpTooltip&quot;:false,&quot;predefinedClick&quot;:false},{&quot;name&quot;:&quot;fieldname3&quot;,&quot;index&quot;:3,&quot;size&quot;:&quot;large&quot;,&quot;title&quot;:&quot;Viesti&quot;,&quot;ftype&quot;:&quot;ftextarea&quot;,&quot;userhelp&quot;:&quot;&quot;,&quot;csslayout&quot;:&quot;&quot;,&quot;required&quot;:false,&quot;predefined&quot;:&quot;&quot;,&quot;shortlabel&quot;:&quot;&quot;,&quot;userhelpTooltip&quot;:false,&quot;predefinedClick&quot;:false,&quot;minlength&quot;:&quot;&quot;,&quot;maxlength&quot;:&quot;&quot;}],[{&quot;title&quot;:&quot;Yhteydenottolomake&quot;,&quot;description&quot;:&quot;T\u00e4ll\u00e4 lomakkeella voit esitt\u00e4\u00e4 kysymyksi\u00e4 tai ottaa yhteytt\u00e4.&quot;,&quot;formlayout&quot;:&quot;top_aligned&quot;}]]\" \/>\r\n<div id=\"fbuilder\">\r\n    <div id=\"fbuilder_1\">\r\n        <div id=\"formheader_1\"><\/div>\r\n        <div id=\"fieldlist_1\"><\/div>\r\n    <\/div>\r\n<\/div>\r\n<div id=\"cpcaptchalayer_1\">\r\n<\/div>\r\n<div id=\"cp_subbtn_1\" class=\"cp_subbtn\">Submit<\/div>\r\n<div style=\"clear:both;\"><\/div>\r\n<\/form>\n","protected":false},"excerpt":{"rendered":"<p>S\u00e4hk\u00f6posti:\u00a0merja.sundman@gmail.com Puh:\u00a0040-7367217 Vastaanotto Asematie 10, 01300 Vantaa<\/p>\n","protected":false},"author":3,"featured_media":0,"parent":0,"menu_order":2,"comment_status":"closed","ping_status":"closed","template":"page-templates\/full-width.php","meta":{"footnotes":""},"class_list":["post-13","page","type-page","status-publish","hentry"],"_links":{"self":[{"href":"https:\/\/merjasundman.fi\/index.php?rest_route=\/wp\/v2\/pages\/13","targetHints":{"allow":["GET"]}}],"collection":[{"href":"https:\/\/merjasundman.fi\/index.php?rest_route=\/wp\/v2\/pages"}],"about":[{"href":"https:\/\/merjasundman.fi\/index.php?rest_route=\/wp\/v2\/types\/page"}],"author":[{"embeddable":true,"href":"https:\/\/merjasundman.fi\/index.php?rest_route=\/wp\/v2\/users\/3"}],"replies":[{"embeddable":true,"href":"https:\/\/merjasundman.fi\/index.php?rest_route=%2Fwp%2Fv2%2Fcomments&post=13"}],"version-history":[{"count":25,"href":"https:\/\/merjasundman.fi\/index.php?rest_route=\/wp\/v2\/pages\/13\/revisions"}],"predecessor-version":[{"id":261,"href":"https:\/\/merjasundman.fi\/index.php?rest_route=\/wp\/v2\/pages\/13\/revisions\/261"}],"wp:attachment":[{"href":"https:\/\/merjasundman.fi\/index.php?rest_route=%2Fwp%2Fv2%2Fmedia&parent=13"}],"curies":[{"name":"wp","href":"https:\/\/api.w.org\/{rel}","templated":true}]}}