{"id":9,"date":"2013-01-29T20:43:55","date_gmt":"2013-01-29T20:43:55","guid":{"rendered":"http:\/\/merjasundman.fi\/?page_id=9"},"modified":"2025-11-17T15:41:40","modified_gmt":"2025-11-17T13:41:40","slug":"merja-sundman","status":"publish","type":"page","link":"https:\/\/merjasundman.fi\/","title":{"rendered":""},"content":{"rendered":"<h1><strong><a href=\"#Psykoterapiapalvelut\">Psykoterapiapalvelut<\/a>, <a href=\"#Tyonohjaus\">ty\u00f6nohjaus<\/a>, <a href=\"#koulutus\">konsultointi ja koulutus<\/a><\/strong><\/h1>\r\n<!-- \/wp:post-content -->\r\n<p><img loading=\"lazy\" decoding=\"async\" class=\"alignnone wp-image-222 size-medium\" src=\"https:\/\/merjasundman.fi\/wp-content\/uploads\/2023\/08\/IMG_3810-scaled-e1692199599158-207x300.jpeg\" alt=\"Psykoterapeutti Merja Sundman\" width=\"207\" height=\"300\" srcset=\"https:\/\/merjasundman.fi\/wp-content\/uploads\/2023\/08\/IMG_3810-scaled-e1692199599158-207x300.jpeg 207w, https:\/\/merjasundman.fi\/wp-content\/uploads\/2023\/08\/IMG_3810-scaled-e1692199599158-708x1024.jpeg 708w, https:\/\/merjasundman.fi\/wp-content\/uploads\/2023\/08\/IMG_3810-scaled-e1692199599158-768x1111.jpeg 768w, https:\/\/merjasundman.fi\/wp-content\/uploads\/2023\/08\/IMG_3810-scaled-e1692199599158-624x903.jpeg 624w, https:\/\/merjasundman.fi\/wp-content\/uploads\/2023\/08\/IMG_3810-scaled-e1692199599158.jpeg 1062w\" sizes=\"auto, (max-width: 207px) 100vw, 207px\" \/><\/p>\r\n<ul>\r\n<li>Mielenterveyshoitaja 1991<\/li>\r\n<li>Psykiatrinen sairaanhoitaja, AMK 2001<\/li>\r\n<li>Kriisi- ja traumaorientoitunut perhepsykoterapeutti 2012<\/li>\r\n<li>Keho-orientoitunut traumapsykoterapeutti 2020<\/li>\r\n<li>EMDR I ja II-tason koulutukset, erityistekniikoiden jatkokoulutuksia<\/li>\r\n<li>Valviran luvat Kelan kuntoutuspsykoterapiaan, yksil\u00f6- ja perheterapiaan<\/li>\r\n<\/ul>\r\n<p>&nbsp;<\/p>\r\n<p class=\"a\"><!-- wp:heading --><\/p>\r\n<h2>Ammatillinen taustani<\/h2>\r\n<!-- \/wp:heading -->\r\n\r\n<!-- wp:paragraph -->\r\n<p>Olen aloittanut ty\u00f6n mielenterveysongelmien parissa v. 1991. Olen ty\u00f6skennellyt psykiatrisilla akuuttivastaanotoilla, sek\u00e4 poliklinikalla ett\u00e4 vuodeosastoilla. Perusterveydenhuollon puolella olin depressiohoitajana, psykiatrisena sairaanhoitajana sek\u00e4 erilaisissa kehitt\u00e4mist\u00f6iss\u00e4. Lastensuojelun puolella olen ollut psykiatrisena sairaanhoitajana perhety\u00f6ss\u00e4 sek\u00e4 lapsiperheiden p\u00e4ihdekuntoutuksessa.<\/p>\r\n<p class=\"a\"><!-- \/wp:paragraph -->\r\n\r\n<!-- wp:paragraph --><\/p>\r\n<p>Olen depressiokouluryhmien ohjaaja, mentori sek\u00e4 ty\u00f6nohjaaja.<\/p>\r\n<p class=\"a\"><!-- \/wp:paragraph -->\r\n\r\n<!-- wp:paragraph --><\/p>\r\n<p>Yksityisen\u00e4 palveluntuottajana olen ty\u00f6skennellyt v.2012.<\/p>\r\n<p><img loading=\"lazy\" decoding=\"async\" class=\"aligncenter size-medium wp-image-152\" src=\"https:\/\/merjasundman.fi\/wp-content\/uploads\/2019\/09\/junarata-225x300.jpg\" alt=\"\" width=\"225\" height=\"300\" srcset=\"https:\/\/merjasundman.fi\/wp-content\/uploads\/2019\/09\/junarata-225x300.jpg 225w, https:\/\/merjasundman.fi\/wp-content\/uploads\/2019\/09\/junarata-768x1024.jpg 768w, https:\/\/merjasundman.fi\/wp-content\/uploads\/2019\/09\/junarata-624x832.jpg 624w\" sizes=\"auto, (max-width: 225px) 100vw, 225px\" \/><\/p>\r\n<p class=\"a\"><!-- \/wp:paragraph -->\r\n\r\n<!-- wp:heading {\"level\":1} --><\/p>\r\n<h1><a id=\"Psykoterapiapalvelut\"><\/a>Psykoterapiapalvelut<\/h1>\r\n<p class=\"a\"><!-- \/wp:heading -->\r\n\r\n<!-- wp:paragraph --><\/p>\r\n<p>Psykoterapiapalvelut sis\u00e4lt\u00e4v\u00e4t mahdollisuuden terapeuttisiin yksil\u00f6keskusteluihin sek\u00e4 pari- ja perhepsykoterapiaan. Asiakkaani ohjautuvat itsen\u00e4isesti, mutta my\u00f6s Hus:n ostopalveluiden kautta, lastensuojelun ohjaamana sek\u00e4 muista yhteisty\u00f6tahoista. Tapaamisille otetaan mukaan asiakkaalle t\u00e4rke\u00e4t ja merkitykselliset ihmiset.<\/p>\r\n<p class=\"a\"><!-- \/wp:paragraph -->\r\n\r\n<!-- wp:paragraph --><\/p>\r\n<p>Olen ty\u00f6skennellyt vuosia masentuneiden ja ahdistuneiden asiakkaiden kanssa ja huomannut, kuinka t\u00e4rke\u00e4\u00e4 on tukea koko perhett\u00e4. Masennuksen pariterapeuttinen hoito on selke\u00e4sti ollut koko perhett\u00e4 voimauttavaa. Ty\u00f6otteeni on aktiivinen sek\u00e4 kaikkia kunnioittavaa. Kykenen suorapuheisuuteen sek\u00e4 rajaamiseen tarvittaessa.<\/p>\r\n<p class=\"a\"><!-- \/wp:paragraph -->\r\n\r\n<!-- wp:paragraph --><\/p>\r\n<p>Minut on hyv\u00e4ksytty Uskontojen Uhrien terapeuttiluetteloon. Vastaanotoillani on k\u00e4sitelty erilaisten uskonnollisten liikkeiden vaikutuksia ihmisen hyvinvointiin sek\u00e4 persoonallisuuteen. Uskosta, lahkosta sek\u00e4 niist\u00e4 eroaminen ovat n\u00e4ytt\u00e4ytyneet asiakkailleni vaikeina ja traumatisoivina kokemuksina.<\/p>\r\n<p class=\"a\"><!-- \/wp:paragraph -->\r\n\r\n<!-- wp:paragraph \/-->\r\n\r\n<!-- wp:paragraph --><\/p>\r\n<p>Traumaterapiakoulutuksen aikana olen entisest\u00e4\u00e4n syventynyt kiintymyssuhdetraumoihin sek\u00e4 vaikeasti traumatisoituneisiin asiakkaisiin. Erityisen\u00e4 mielenkiinnon kohteenani on addiktion ja kiintymyssuhdetrauman n\u00e4ytt\u00e4ytyminen.<\/p>\r\n<p class=\"a\"><!-- \/wp:paragraph -->\r\n\r\n<!-- wp:paragraph --><\/p>\r\n<p>Millainen psykoterapeutti olen ja mit\u00e4 istunnoilla tehd\u00e4\u00e4n<\/p>\r\n<p class=\"a\"><!-- \/wp:paragraph -->\r\n\r\n<!-- wp:paragraph --><\/p>\r\n<p>Psykoterapian hoitava elementti on turvallisuus, s\u00e4\u00e4nn\u00f6llisyys sek\u00e4 vahva ammatillisuus. Terapeuttina vahvuuteni on vankka ammatillinen kokemus monenlaisten vaikeiden asioiden kohtaamisessa. Uskon vahvasti perhesysteemeihin ja niiss\u00e4 ilmenneiden vuorovaikutussuhteiden ja -mallien siirtymiseen ylisukupolvisesti. Olemme kaikki perheidemme \u201dtuotoksia.\u201d\u00a0 Tapaamisiin otetaan mukaan asiakkaalle t\u00e4rke\u00e4t ja merkitykselliset ihmiset. Sukupuun k\u00e4ytt\u00f6 menetelm\u00e4n\u00e4, tuo asiakkaalle t\u00e4rke\u00e4\u00e4 tietoa ylisukupolvisuudesta ja perheiden toimintamalleista.<\/p>\r\n<p class=\"a\"><!-- \/wp:paragraph -->\r\n\r\n<!-- wp:paragraph --><\/p>\r\n<p>Perhepsykoterapiassa ymm\u00e4rret\u00e4\u00e4n, ett\u00e4 esimerkiksi lapsen sairaus voi kantaa koko perheen ongelmia. On eritt\u00e4in t\u00e4rke\u00e4\u00e4, ett\u00e4 lapset tulevat kuulluksi ja n\u00e4hdyksi sek\u00e4 saavat vanhemmiltaan luvan puhua perheen asioista.<\/p>\r\n<p class=\"a\"><!-- \/wp:paragraph -->\r\n\r\n<!-- wp:paragraph --><\/p>\r\n<p>Keho-orientoitunut traumapsykoterapiakoulutus on tuonut muutosta ty\u00f6skentelytapoihini. K\u00e4yt\u00e4n terapiaty\u00f6ss\u00e4ni kehollisia menetelmi\u00e4. Keskityt\u00e4\u00e4n kehon reaktiohin, sen rauhoittamiseen sek\u00e4 ymm\u00e4rt\u00e4miseen polyvagaalisen teorian mukaisesti. Traumateoria viitekehyksen\u00e4 perustuu kolmivaiheiseen terapiaan, jossa mahdollistuu persoonallisuuden integraatio.<\/p>\r\n<p class=\"a\"><!-- \/wp:paragraph -->\r\n\r\n<!-- wp:paragraph --><\/p>\r\n<p>Terapian tavoitteet asetetaan aina asiakasl\u00e4ht\u00f6isesti. K\u00e4yt\u00e4n integroituja, asiakasta kunnioittavaa l\u00e4hestymistapaa, jotta tavoitteisiin p\u00e4\u00e4st\u00e4\u00e4n.<\/p>\r\n<p class=\"a\"><!-- \/wp:paragraph -->\r\n\r\n<!-- wp:heading {\"level\":1} --><\/p>\r\n<h1><a id=\"Tyonohjaus\"><\/a>Ty\u00f6nohjaus<\/h1>\r\n<p class=\"a\"><!-- \/wp:heading -->\r\n\r\n<!-- wp:paragraph --><\/p>\r\n<p>Ty\u00f6nohjauspalvelut sis\u00e4lt\u00e4v\u00e4t mahdollisuuden yksil\u00f6- ja ryhm\u00e4ty\u00f6ohjaukseen. Olen Helsingin kaupungin hyv\u00e4ksym\u00e4 ty\u00f6nohjaaja. Ty\u00f6nohjaus on case- tyyppist\u00e4, asiakas voi olla mukana ty\u00f6nohjaustilanteessa. En t\u00e4ll\u00e4 hetkell\u00e4 tee ty\u00f6nohjauksia.<\/p>\r\n<p class=\"a\"><!-- \/wp:paragraph -->\r\n\r\n<!-- wp:heading {\"level\":1} --><\/p>\r\n<h1><a id=\"koulutus\"><\/a>Koulutus ja konsultointi<\/h1>\r\n<p>Konsultaatio ja koulutusmahdollisuuksia kouluille, oppilaitoksille sek\u00e4 ty\u00f6yhteis\u00f6ille.<\/p>\r\n<p class=\"a\"><!-- \/wp:heading -->\r\n\r\n<!-- wp:image {\"align\":\"left\",\"id\":153,\"linkDestination\":\"custom\"} --><\/p>\r\n<div class=\"wp-block-image\">\u00a0<\/div>\r\n<p><img loading=\"lazy\" decoding=\"async\" class=\"aligncenter size-medium wp-image-153\" src=\"https:\/\/merjasundman.fi\/wp-content\/uploads\/2019\/09\/ongella-225x300.jpg\" alt=\"\" width=\"225\" height=\"300\" srcset=\"https:\/\/merjasundman.fi\/wp-content\/uploads\/2019\/09\/ongella-225x300.jpg 225w, https:\/\/merjasundman.fi\/wp-content\/uploads\/2019\/09\/ongella-768x1024.jpg 768w, https:\/\/merjasundman.fi\/wp-content\/uploads\/2019\/09\/ongella-624x832.jpg 624w\" sizes=\"auto, (max-width: 225px) 100vw, 225px\" \/><\/p>","protected":false},"excerpt":{"rendered":"<p>Psykoterapiapalvelut, ty\u00f6nohjaus, konsultointi ja koulutus Mielenterveyshoitaja 1991 Psykiatrinen sairaanhoitaja, AMK 2001 Kriisi- ja traumaorientoitunut perhepsykoterapeutti 2012 Keho-orientoitunut traumapsykoterapeutti 2020 EMDR I ja II-tason koulutukset, erityistekniikoiden jatkokoulutuksia Valviran luvat Kelan kuntoutuspsykoterapiaan, yksil\u00f6- ja perheterapiaan &nbsp; Ammatillinen taustani Olen aloittanut ty\u00f6n mielenterveysongelmien parissa v. 1991. Olen ty\u00f6skennellyt psykiatrisilla akuuttivastaanotoilla, sek\u00e4 poliklinikalla ett\u00e4 vuodeosastoilla. Perusterveydenhuollon puolella olin depressiohoitajana, [&hellip;]<\/p>\n","protected":false},"author":3,"featured_media":0,"parent":0,"menu_order":0,"comment_status":"closed","ping_status":"closed","template":"page-templates\/full-width.php","meta":{"footnotes":""},"class_list":["post-9","page","type-page","status-publish","hentry"],"_links":{"self":[{"href":"https:\/\/merjasundman.fi\/index.php?rest_route=\/wp\/v2\/pages\/9","targetHints":{"allow":["GET"]}}],"collection":[{"href":"https:\/\/merjasundman.fi\/index.php?rest_route=\/wp\/v2\/pages"}],"about":[{"href":"https:\/\/merjasundman.fi\/index.php?rest_route=\/wp\/v2\/types\/page"}],"author":[{"embeddable":true,"href":"https:\/\/merjasundman.fi\/index.php?rest_route=\/wp\/v2\/users\/3"}],"replies":[{"embeddable":true,"href":"https:\/\/merjasundman.fi\/index.php?rest_route=%2Fwp%2Fv2%2Fcomments&post=9"}],"version-history":[{"count":139,"href":"https:\/\/merjasundman.fi\/index.php?rest_route=\/wp\/v2\/pages\/9\/revisions"}],"predecessor-version":[{"id":260,"href":"https:\/\/merjasundman.fi\/index.php?rest_route=\/wp\/v2\/pages\/9\/revisions\/260"}],"wp:attachment":[{"href":"https:\/\/merjasundman.fi\/index.php?rest_route=%2Fwp%2Fv2%2Fmedia&parent=9"}],"curies":[{"name":"wp","href":"https:\/\/api.w.org\/{rel}","templated":true}]}}